{"id":9,"date":"2015-08-28T22:20:08","date_gmt":"2015-08-28T20:20:08","guid":{"rendered":"http:\/\/hgcreimsmo.cluster005.ovh.net\/?page_id=9"},"modified":"2024-10-14T15:29:15","modified_gmt":"2024-10-14T13:29:15","slug":"commission-technique","status":"publish","type":"page","link":"https:\/\/www.hgc-reims.com\/?page_id=9","title":{"rendered":"Commission Technique et Mat\u00e9riel"},"content":{"rendered":"<p>Au sein du club, la commission technique recouvre l\u2019<strong>enseignement de la plong\u00e9e\u00a0th\u00e9orique et pratique<\/strong>, l\u2019organisation des sorties club et la gestion du mat\u00e9riel des adh\u00e9rents.<\/p>\n<p>Formations Plongeur :<\/p>\n<ul>\n<li><a href=\"http:\/\/www.hgc-reims.com\/?page_id=160\">Jeunes Plongeurs\u00a0<\/a><\/li>\n<li><a href=\"http:\/\/www.hgc-reims.com\/?page_id=6\">Niveau 1<\/a><\/li>\n<li><a href=\"http:\/\/www.hgc-reims.com\/?page_id=188\">Niveau 2<\/a><\/li>\n<li><a href=\"http:\/\/www.hgc-reims.com\/?page_id=190\">Niveau 3<\/a><\/li>\n<\/ul>\n<p>Formations Encadrants :<\/p>\n<ul>\n<li><a href=\"http:\/\/www.hgc-reims.com\/?page_id=200\">Initiateur<\/a><\/li>\n<li><a href=\"http:\/\/www.hgc-reims.com\/?page_id=194\">Guide de Palanqu\u00e9e (GP)<\/a><\/li>\n<\/ul>\n<p>Qualifications techniques \/ secourisme :<\/p>\n<ul>\n<li><a href=\"http:\/\/www.hgc-reims.com\/?page_id=192\">Nitrox<\/a><\/li>\n<li><a href=\"http:\/\/www.hgc-reims.com\/?page_id=211\">R\u00e9actions et Intervention Face \u00e0 un Accident de Plong\u00e9e (RIFAP)<\/a><\/li>\n<\/ul>\n<table>\n<tbody>\n<tr>\n<td><a href=\"https:\/\/www.hgc-reims.com\/wp-content\/uploads\/2024\/10\/christophe.jpg\"><img loading=\"lazy\" decoding=\"async\" class=\"wp-image-6400 aligncenter\" src=\"https:\/\/www.hgc-reims.com\/wp-content\/uploads\/2024\/10\/christophe.jpg\" alt=\"\" width=\"164\" height=\"164\" srcset=\"https:\/\/www.hgc-reims.com\/wp-content\/uploads\/2024\/10\/christophe.jpg 792w, https:\/\/www.hgc-reims.com\/wp-content\/uploads\/2024\/10\/christophe-300x300.jpg 300w, https:\/\/www.hgc-reims.com\/wp-content\/uploads\/2024\/10\/christophe-150x150.jpg 150w, https:\/\/www.hgc-reims.com\/wp-content\/uploads\/2024\/10\/christophe-768x768.jpg 768w\" sizes=\"auto, (max-width: 164px) 100vw, 164px\" \/><\/a><\/td>\n<td><a href=\"https:\/\/www.hgc-reims.com\/wp-content\/uploads\/2024\/10\/jj.jpg\"><img loading=\"lazy\" decoding=\"async\" class=\"wp-image-6421 aligncenter\" src=\"https:\/\/www.hgc-reims.com\/wp-content\/uploads\/2024\/10\/jj.jpg\" alt=\"\" width=\"169\" height=\"169\" srcset=\"https:\/\/www.hgc-reims.com\/wp-content\/uploads\/2024\/10\/jj.jpg 792w, https:\/\/www.hgc-reims.com\/wp-content\/uploads\/2024\/10\/jj-300x300.jpg 300w, https:\/\/www.hgc-reims.com\/wp-content\/uploads\/2024\/10\/jj-150x150.jpg 150w, https:\/\/www.hgc-reims.com\/wp-content\/uploads\/2024\/10\/jj-768x768.jpg 768w\" sizes=\"auto, (max-width: 169px) 100vw, 169px\" \/><\/a><\/td>\n<\/tr>\n<tr>\n<td style=\"text-align: center;\">Christophe DUPRAT<\/td>\n<td style=\"text-align: center;\">Jean-Jacques GARCIA<\/td>\n<\/tr>\n<tr>\n<td style=\"text-align: center;\">Responsable de la Commission Technique<\/td>\n<td style=\"text-align: center;\">Adjoint Technique<\/td>\n<\/tr>\n<\/tbody>\n<\/table>\n<table>\n<tbody>\n<tr>\n<td><a href=\"https:\/\/www.hgc-reims.com\/wp-content\/uploads\/2024\/10\/stephane.jpg\"><img loading=\"lazy\" decoding=\"async\" class=\"wp-image-6422 aligncenter\" src=\"https:\/\/www.hgc-reims.com\/wp-content\/uploads\/2024\/10\/stephane.jpg\" alt=\"\" width=\"190\" height=\"190\" srcset=\"https:\/\/www.hgc-reims.com\/wp-content\/uploads\/2024\/10\/stephane.jpg 792w, https:\/\/www.hgc-reims.com\/wp-content\/uploads\/2024\/10\/stephane-300x300.jpg 300w, https:\/\/www.hgc-reims.com\/wp-content\/uploads\/2024\/10\/stephane-150x150.jpg 150w, https:\/\/www.hgc-reims.com\/wp-content\/uploads\/2024\/10\/stephane-768x768.jpg 768w\" sizes=\"auto, (max-width: 190px) 100vw, 190px\" \/><\/a><\/td>\n<td><a href=\"https:\/\/www.hgc-reims.com\/wp-content\/uploads\/2024\/10\/patrick.jpg\"><img loading=\"lazy\" decoding=\"async\" class=\"wp-image-6423 aligncenter\" src=\"https:\/\/www.hgc-reims.com\/wp-content\/uploads\/2024\/10\/patrick.jpg\" alt=\"\" width=\"190\" height=\"190\" srcset=\"https:\/\/www.hgc-reims.com\/wp-content\/uploads\/2024\/10\/patrick.jpg 792w, https:\/\/www.hgc-reims.com\/wp-content\/uploads\/2024\/10\/patrick-300x300.jpg 300w, https:\/\/www.hgc-reims.com\/wp-content\/uploads\/2024\/10\/patrick-150x150.jpg 150w, https:\/\/www.hgc-reims.com\/wp-content\/uploads\/2024\/10\/patrick-768x768.jpg 768w\" sizes=\"auto, (max-width: 190px) 100vw, 190px\" \/><\/a><\/td>\n<\/tr>\n<tr>\n<td style=\"text-align: center;\">St\u00e9phane DAVAUX<\/td>\n<td style=\"text-align: center;\">Patrick BECK<\/td>\n<\/tr>\n<tr>\n<td style=\"text-align: center;\">Responsable Mat\u00e9riel<\/td>\n<td style=\"text-align: center;\">Adjoint au Mat\u00e9riel<\/td>\n<\/tr>\n<\/tbody>\n<\/table>\n\n\n<p><\/p>\n","protected":false},"excerpt":{"rendered":"<p>Au sein du club, la commission technique recouvre l\u2019enseignement de la plong\u00e9e\u00a0th\u00e9orique et pratique, l\u2019organisation des sorties club et la gestion du mat\u00e9riel des adh\u00e9rents. Formations Plongeur : Jeunes Plongeurs\u00a0 Niveau 1 Niveau 2 Niveau 3 Formations Encadrants : Initiateur Guide de Palanqu\u00e9e (GP) Qualifications techniques \/ secourisme : Nitrox R\u00e9actions et Intervention Face \u00e0 &hellip; <a href=\"https:\/\/www.hgc-reims.com\/?page_id=9\" class=\"more-link\">Continuer la lecture de <span class=\"screen-reader-text\">Commission Technique et Mat\u00e9riel<\/span>  <span class=\"meta-nav\">&rarr;<\/span><\/a><\/p>\n","protected":false},"author":1,"featured_media":0,"parent":0,"menu_order":0,"comment_status":"closed","ping_status":"closed","template":"page-templates\/full-width.php","meta":{"footnotes":""},"class_list":["post-9","page","type-page","status-publish","hentry","gallery-content-unit"],"post_mailing_queue_ids":[],"_links":{"self":[{"href":"https:\/\/www.hgc-reims.com\/index.php?rest_route=\/wp\/v2\/pages\/9","targetHints":{"allow":["GET"]}}],"collection":[{"href":"https:\/\/www.hgc-reims.com\/index.php?rest_route=\/wp\/v2\/pages"}],"about":[{"href":"https:\/\/www.hgc-reims.com\/index.php?rest_route=\/wp\/v2\/types\/page"}],"author":[{"embeddable":true,"href":"https:\/\/www.hgc-reims.com\/index.php?rest_route=\/wp\/v2\/users\/1"}],"replies":[{"embeddable":true,"href":"https:\/\/www.hgc-reims.com\/index.php?rest_route=%2Fwp%2Fv2%2Fcomments&post=9"}],"version-history":[{"count":28,"href":"https:\/\/www.hgc-reims.com\/index.php?rest_route=\/wp\/v2\/pages\/9\/revisions"}],"predecessor-version":[{"id":6424,"href":"https:\/\/www.hgc-reims.com\/index.php?rest_route=\/wp\/v2\/pages\/9\/revisions\/6424"}],"wp:attachment":[{"href":"https:\/\/www.hgc-reims.com\/index.php?rest_route=%2Fwp%2Fv2%2Fmedia&parent=9"}],"curies":[{"name":"wp","href":"https:\/\/api.w.org\/{rel}","templated":true}]}}