{"id":6,"date":"2015-08-28T22:14:07","date_gmt":"2015-08-28T20:14:07","guid":{"rendered":"http:\/\/hgcreimsmo.cluster005.ovh.net\/?page_id=6"},"modified":"2024-07-17T16:00:00","modified_gmt":"2024-07-17T14:00:00","slug":"niveau-1","status":"publish","type":"page","link":"https:\/\/www.hgc-reims.com\/?page_id=6","title":{"rendered":"Niveau 1"},"content":{"rendered":"<p>Apr\u00e8s avoir r\u00e9alis\u00e9 un bapt\u00eame vous serez incorpor\u00e9 dans un groupe dont l\u2019enseignement est assur\u00e9 par 2 encadrants.<\/p>\n<p><strong><u>Lieu d&rsquo;entra\u00eenement, j<\/u><\/strong><strong><u>ours et horaires pour les N1:<\/u><\/strong>\u00a0 Se reporter \u00e0 la page <strong><a href=\"https:\/\/www.hgc-reims.com\/?page_id=689\">S\u00e9ances d&rsquo;entra\u00eenement <\/a><\/strong><\/p>\n<p>Tout au long de l\u2019ann\u00e9e en piscine, vos encadrants valideront vos comp\u00e9tences pratiques et th\u00e9oriques afin de certifier vers le mois de mars votre N1.<\/p>\n<p>Ceci vous permettra de plonger encadr\u00e9 dans l\u2019espace 0-20 m.<\/p>\n<p>Fin mars, une sortie en fosse est propos\u00e9e en priorit\u00e9 aux nouveaux N1 brevet\u00e9s. Vous pourrez ensuite participer aux sorties en milieu naturel organis\u00e9es par le club..<\/p>\n<p>Apr\u00e8s l&rsquo;entrainement, nous nous retrouvons r\u00e9guli\u00e8rement dans notre <a href=\"https:\/\/www.hgc-reims.com\/?page_id=366\">local<\/a> afin de partager un moment de convivialit\u00e9 autour d\u2019un verre de l\u2019amiti\u00e9<\/p>\n","protected":false},"excerpt":{"rendered":"<p>Apr\u00e8s avoir r\u00e9alis\u00e9 un bapt\u00eame vous serez incorpor\u00e9 dans un groupe dont l\u2019enseignement est assur\u00e9 par 2 encadrants. Lieu d&rsquo;entra\u00eenement, jours et horaires pour les N1:\u00a0 Se reporter \u00e0 la page S\u00e9ances d&rsquo;entra\u00eenement Tout au long de l\u2019ann\u00e9e en piscine, vos encadrants valideront vos comp\u00e9tences pratiques et th\u00e9oriques afin de certifier vers le mois de &hellip; <a href=\"https:\/\/www.hgc-reims.com\/?page_id=6\" class=\"more-link\">Continuer la lecture de <span class=\"screen-reader-text\">Niveau 1<\/span>  <span class=\"meta-nav\">&rarr;<\/span><\/a><\/p>\n","protected":false},"author":1,"featured_media":0,"parent":9,"menu_order":0,"comment_status":"closed","ping_status":"closed","template":"page-templates\/full-width.php","meta":{"footnotes":""},"class_list":["post-6","page","type-page","status-publish","hentry","gallery-content-unit"],"post_mailing_queue_ids":[],"_links":{"self":[{"href":"https:\/\/www.hgc-reims.com\/index.php?rest_route=\/wp\/v2\/pages\/6","targetHints":{"allow":["GET"]}}],"collection":[{"href":"https:\/\/www.hgc-reims.com\/index.php?rest_route=\/wp\/v2\/pages"}],"about":[{"href":"https:\/\/www.hgc-reims.com\/index.php?rest_route=\/wp\/v2\/types\/page"}],"author":[{"embeddable":true,"href":"https:\/\/www.hgc-reims.com\/index.php?rest_route=\/wp\/v2\/users\/1"}],"replies":[{"embeddable":true,"href":"https:\/\/www.hgc-reims.com\/index.php?rest_route=%2Fwp%2Fv2%2Fcomments&post=6"}],"version-history":[{"count":10,"href":"https:\/\/www.hgc-reims.com\/index.php?rest_route=\/wp\/v2\/pages\/6\/revisions"}],"predecessor-version":[{"id":6182,"href":"https:\/\/www.hgc-reims.com\/index.php?rest_route=\/wp\/v2\/pages\/6\/revisions\/6182"}],"up":[{"embeddable":true,"href":"https:\/\/www.hgc-reims.com\/index.php?rest_route=\/wp\/v2\/pages\/9"}],"wp:attachment":[{"href":"https:\/\/www.hgc-reims.com\/index.php?rest_route=%2Fwp%2Fv2%2Fmedia&parent=6"}],"curies":[{"name":"wp","href":"https:\/\/api.w.org\/{rel}","templated":true}]}}