{"id":57,"date":"2015-09-06T14:13:58","date_gmt":"2015-09-06T12:13:58","guid":{"rendered":"http:\/\/hgcreimsmo.cluster005.ovh.net\/?page_id=57"},"modified":"2024-10-14T15:21:27","modified_gmt":"2024-10-14T13:21:27","slug":"commission-audiovisuelle","status":"publish","type":"page","link":"https:\/\/www.hgc-reims.com\/?page_id=57","title":{"rendered":"Commission Photos\/Vid\u00e9os"},"content":{"rendered":"<h2><\/h2>\n<p><img loading=\"lazy\" decoding=\"async\" src=\"http:\/\/www.hgc-reims.com\/wp-content\/uploads\/2015\/09\/4940.jpg\" alt=\" \" width=\"250\" height=\"166\" align=\"right\" hspace=\"5\" vspace=\"5\" \/>La photographie et la vid\u00e9o subaquatique sont \u00e0 la fois des <strong>activit\u00e9s sportives et artistiques<\/strong>.<br \/>\nElles font appel \u00e0 une technique diff\u00e9rente de celle pratiqu\u00e9e en photo et vid\u00e9o terrestre, ceci tant par le mat\u00e9riel que par les exigences li\u00e9es au milieu sous-marin.<\/p>\n<p>Le <strong>photographe<\/strong> FIXE l\u2019instant magique du monde subaquatique. Le <strong>vid\u00e9aste<\/strong> CAPTURE LE MOUVEMENT de cet univers.<\/p>\n<p>Les activit\u00e9s de la commission au sein du club sont :<\/p>\n<ul>\n<li>L\u2019initiation et le perfectionnement \u00e0 la photographie en piscine et en milieu naturel<\/li>\n<li>La formation et le passage du niveau 1 de photographe subaquatique<\/li>\n<li>La formation d\u2019aqua mod\u00e8les<\/li>\n<li>L&rsquo;utilisation de logiciels de traitement des images<\/li>\n<li>La cr\u00e9ation d\u2019un diaporama<\/li>\n<li>L\u2019initiation et le perfectionnement \u00e0 la vid\u00e9o<\/li>\n<li>Le montage de films<\/li>\n<\/ul>\n<p style=\"text-align: center;\"><a href=\"https:\/\/www.hgc-reims.com\/wp-content\/uploads\/2024\/10\/pascale.jpg\"><img loading=\"lazy\" decoding=\"async\" class=\"wp-image-6405 aligncenter\" src=\"https:\/\/www.hgc-reims.com\/wp-content\/uploads\/2024\/10\/pascale.jpg\" alt=\"\" width=\"276\" height=\"276\" srcset=\"https:\/\/www.hgc-reims.com\/wp-content\/uploads\/2024\/10\/pascale.jpg 792w, https:\/\/www.hgc-reims.com\/wp-content\/uploads\/2024\/10\/pascale-300x300.jpg 300w, https:\/\/www.hgc-reims.com\/wp-content\/uploads\/2024\/10\/pascale-150x150.jpg 150w, https:\/\/www.hgc-reims.com\/wp-content\/uploads\/2024\/10\/pascale-768x768.jpg 768w\" sizes=\"auto, (max-width: 276px) 100vw, 276px\" \/><\/a>Pascale BECK-CARPENTIER<\/p>\n<p style=\"text-align: center;\">Responsable de la Commission<\/p>\n<p>L\u2019exp\u00e9rience vous tente, n\u2019h\u00e9sitez pas \u00e0 nous contacter, cette commission est aussi la v\u00f4tre\u00a0!<\/p>\n<p style=\"text-align: center;\"><a href=\"https:\/\/www.facebook.com\/groups\/225467927527691\/\" target=\"_blank\" rel=\"noopener\"><img loading=\"lazy\" decoding=\"async\" class=\"alignnone size-full wp-image-901 aligncenter\" src=\"http:\/\/www.hgc-reims.com\/wp-content\/uploads\/2015\/09\/facebook.png\" alt=\"facebook\" width=\"146\" height=\"42\" \/><\/a>\u00a0mais aussi les actualit\u00e9s de la <a href=\"http:\/\/ffessmest.fr\/index.php?option=com_content&amp;view=article&amp;id=24&amp;Itemid=1170\" target=\"_blank\" rel=\"noopener\">commission r\u00e9gionale<\/a>\u00a0ou\u00a0<a href=\"http:\/\/www.imagesub.com\/\" target=\"_blank\" rel=\"noopener\">nationale<\/a>.<\/p>\n<h4><a href=\"http:\/\/www.hgc-reims.com\/wp-content\/uploads\/2015\/09\/4434.jpg\"><img loading=\"lazy\" decoding=\"async\" class=\"size-medium wp-image-65 aligncenter\" src=\"http:\/\/www.hgc-reims.com\/wp-content\/uploads\/2015\/09\/4434-300x200.jpg\" alt=\"4434\" width=\"300\" height=\"200\" srcset=\"https:\/\/www.hgc-reims.com\/wp-content\/uploads\/2015\/09\/4434-300x200.jpg 300w, https:\/\/www.hgc-reims.com\/wp-content\/uploads\/2015\/09\/4434.jpg 350w\" sizes=\"auto, (max-width: 300px) 100vw, 300px\" \/><\/a><\/h4>\n","protected":false},"excerpt":{"rendered":"<p>La photographie et la vid\u00e9o subaquatique sont \u00e0 la fois des activit\u00e9s sportives et artistiques. Elles font appel \u00e0 une technique diff\u00e9rente de celle pratiqu\u00e9e en photo et vid\u00e9o terrestre, ceci tant par le mat\u00e9riel que par les exigences li\u00e9es au milieu sous-marin. Le photographe FIXE l\u2019instant magique du monde subaquatique. Le vid\u00e9aste CAPTURE LE &hellip; <a href=\"https:\/\/www.hgc-reims.com\/?page_id=57\" class=\"more-link\">Continuer la lecture de <span class=\"screen-reader-text\">Commission Photos\/Vid\u00e9os<\/span>  <span class=\"meta-nav\">&rarr;<\/span><\/a><\/p>\n","protected":false},"author":1,"featured_media":0,"parent":0,"menu_order":0,"comment_status":"closed","ping_status":"closed","template":"page-templates\/full-width.php","meta":{"footnotes":""},"class_list":["post-57","page","type-page","status-publish","hentry","gallery-content-unit"],"post_mailing_queue_ids":[],"_links":{"self":[{"href":"https:\/\/www.hgc-reims.com\/index.php?rest_route=\/wp\/v2\/pages\/57","targetHints":{"allow":["GET"]}}],"collection":[{"href":"https:\/\/www.hgc-reims.com\/index.php?rest_route=\/wp\/v2\/pages"}],"about":[{"href":"https:\/\/www.hgc-reims.com\/index.php?rest_route=\/wp\/v2\/types\/page"}],"author":[{"embeddable":true,"href":"https:\/\/www.hgc-reims.com\/index.php?rest_route=\/wp\/v2\/users\/1"}],"replies":[{"embeddable":true,"href":"https:\/\/www.hgc-reims.com\/index.php?rest_route=%2Fwp%2Fv2%2Fcomments&post=57"}],"version-history":[{"count":20,"href":"https:\/\/www.hgc-reims.com\/index.php?rest_route=\/wp\/v2\/pages\/57\/revisions"}],"predecessor-version":[{"id":6419,"href":"https:\/\/www.hgc-reims.com\/index.php?rest_route=\/wp\/v2\/pages\/57\/revisions\/6419"}],"wp:attachment":[{"href":"https:\/\/www.hgc-reims.com\/index.php?rest_route=%2Fwp%2Fv2%2Fmedia&parent=57"}],"curies":[{"name":"wp","href":"https:\/\/api.w.org\/{rel}","templated":true}]}}