{"id":332,"date":"2015-10-11T15:20:43","date_gmt":"2015-10-11T13:20:43","guid":{"rendered":"http:\/\/hgcreimsmo.cluster005.ovh.net\/?page_id=332"},"modified":"2023-05-22T13:18:44","modified_gmt":"2023-05-22T11:18:44","slug":"commission-medicale","status":"publish","type":"page","link":"https:\/\/www.hgc-reims.com\/?page_id=332","title":{"rendered":"Commission M\u00e9dicale"},"content":{"rendered":"<p>La commission m\u00e9dicale et de pr\u00e9vention des HGC \u2013 Reims est constitu\u00e9e des Dr.\u00a0 Alain Lurette et Beno\u00eet Journ\u00e9, m\u00e9decins f\u00e9d\u00e9raux.<\/p>\n<p>Activit\u00e9 de consultation m\u00e9dicale d\u2019aptitude \u00e0 la pratique sportive<\/p>\n<p>Conform\u00e9ment \u00e0 la r\u00e9glementation f\u00e9d\u00e9rale, la pr\u00e9sentation d\u2019un certificat de non contre-indication d\u00e9livr\u00e9 par un m\u00e9decin f\u00e9d\u00e9ral ou un m\u00e9decin habilit\u00e9 est exig\u00e9e pour le passage d\u2019un niveau 2 de plongeur et pour toute les autres qualifications techniques sup\u00e9rieures.<\/p>\n<p>Il en est de m\u00eame pour :<\/p>\n<p>la pratique de la plong\u00e9e pour les handicap\u00e9s, la pratique de comp\u00e9tition quelle que soit la discipline, y compris la photographie ou la vid\u00e9o subaquatique, et la reprise de la plong\u00e9e apr\u00e8s un accident de d\u00e9 saturation ou de surpression pulmonaire ayant n\u00e9cessit\u00e9 un traitement par oxyg\u00e9noth\u00e9rapie hyperbare.<\/p>\n<p>Les consultations d\u2019aptitude aux diff\u00e9rentes disciplines f\u00e9d\u00e9rales sont r\u00e9alis\u00e9es par un pool de m\u00e9decins f\u00e9d\u00e9raux sans sp\u00e9cificit\u00e9 de clubs. .<\/p>\n<p>L\u2019activit\u00e9 de la commission est aussi :<\/p>\n<p>La participation \u00e0 la formation au RIFAP (R\u00e9action et Intervention Face \u00e0 un Accident de Plong\u00e9e).<\/p>\n<p>La participation \u00e0 la formation ANTEOR (Animer l\u2019Apprentissage des Techniques d\u2019Oxyg\u00e9noth\u00e9rapie et de Ranimation).<\/p>\n<p>La formation continue des encadrants volontaires au secourisme en plong\u00e9e.<\/p>\n<p>La surveillance de la descente de la Marne en nage avec palmes.<\/p>\n<p>La participation aux r\u00e9unions f\u00e9d\u00e9rales d\u00e9partementales et nationales.<\/p>\n<p>Dr Beno\u00eet Journ\u00e9 , responsable de la Commission<\/p>\n","protected":false},"excerpt":{"rendered":"<p>La commission m\u00e9dicale et de pr\u00e9vention des HGC \u2013 Reims est constitu\u00e9e des Dr.\u00a0 Alain Lurette et Beno\u00eet Journ\u00e9, m\u00e9decins f\u00e9d\u00e9raux. Activit\u00e9 de consultation m\u00e9dicale d\u2019aptitude \u00e0 la pratique sportive Conform\u00e9ment \u00e0 la r\u00e9glementation f\u00e9d\u00e9rale, la pr\u00e9sentation d\u2019un certificat de non contre-indication d\u00e9livr\u00e9 par un m\u00e9decin f\u00e9d\u00e9ral ou un m\u00e9decin habilit\u00e9 est exig\u00e9e pour le &hellip; <a href=\"https:\/\/www.hgc-reims.com\/?page_id=332\" class=\"more-link\">Continuer la lecture de <span class=\"screen-reader-text\">Commission M\u00e9dicale<\/span>  <span class=\"meta-nav\">&rarr;<\/span><\/a><\/p>\n","protected":false},"author":1,"featured_media":0,"parent":0,"menu_order":0,"comment_status":"closed","ping_status":"closed","template":"","meta":{"footnotes":""},"class_list":["post-332","page","type-page","status-publish","hentry","gallery-content-unit"],"post_mailing_queue_ids":[],"_links":{"self":[{"href":"https:\/\/www.hgc-reims.com\/index.php?rest_route=\/wp\/v2\/pages\/332","targetHints":{"allow":["GET"]}}],"collection":[{"href":"https:\/\/www.hgc-reims.com\/index.php?rest_route=\/wp\/v2\/pages"}],"about":[{"href":"https:\/\/www.hgc-reims.com\/index.php?rest_route=\/wp\/v2\/types\/page"}],"author":[{"embeddable":true,"href":"https:\/\/www.hgc-reims.com\/index.php?rest_route=\/wp\/v2\/users\/1"}],"replies":[{"embeddable":true,"href":"https:\/\/www.hgc-reims.com\/index.php?rest_route=%2Fwp%2Fv2%2Fcomments&post=332"}],"version-history":[{"count":3,"href":"https:\/\/www.hgc-reims.com\/index.php?rest_route=\/wp\/v2\/pages\/332\/revisions"}],"predecessor-version":[{"id":5020,"href":"https:\/\/www.hgc-reims.com\/index.php?rest_route=\/wp\/v2\/pages\/332\/revisions\/5020"}],"wp:attachment":[{"href":"https:\/\/www.hgc-reims.com\/index.php?rest_route=%2Fwp%2Fv2%2Fmedia&parent=332"}],"curies":[{"name":"wp","href":"https:\/\/api.w.org\/{rel}","templated":true}]}}