{"id":23,"date":"2015-08-30T09:08:46","date_gmt":"2015-08-30T07:08:46","guid":{"rendered":"http:\/\/hgcreimsmo.cluster005.ovh.net\/?page_id=23"},"modified":"2021-10-01T15:31:33","modified_gmt":"2021-10-01T13:31:33","slug":"formation-bio","status":"publish","type":"page","link":"https:\/\/www.hgc-reims.com\/?page_id=23","title":{"rendered":"Formation Bio"},"content":{"rendered":"<p><img loading=\"lazy\" decoding=\"async\" class=\"alignnone size-medium wp-image-35 aligncenter\" src=\"http:\/\/www.hgc-reims.com\/wp-content\/uploads\/2015\/08\/courbio1-300x236.jpg\" alt=\"courbio1\" width=\"300\" height=\"236\" srcset=\"https:\/\/www.hgc-reims.com\/wp-content\/uploads\/2015\/08\/courbio1-300x236.jpg 300w, https:\/\/www.hgc-reims.com\/wp-content\/uploads\/2015\/08\/courbio1-1024x806.jpg 1024w, https:\/\/www.hgc-reims.com\/wp-content\/uploads\/2015\/08\/courbio1.jpg 1878w\" sizes=\"auto, (max-width: 300px) 100vw, 300px\" \/><\/p>\n<p style=\"text-align: center;\">Se former \u00e0 la Bio et \u00eatre reconnu :<br \/>\nLe cursus Bio f\u00e9d\u00e9ral comporte 2 parties : une fili\u00e8re \u00ab\u00a0plongeur bio\u00a0\u00bb et une fili\u00e8re \u00ab\u00a0cadre\u00a0\u00bb pour ceux qui veulent transmettre leur passion aux autres plongeurs .<br \/>\nAttention ! Il faut avoir un niveau minimum de plongeur pour pr\u00e9parer et valider ces niveaux mais cela n&#8217;emp\u00eache pas de \u00ab\u00a0s&rsquo;y frotter\u00a0\u00bb d\u00e8s ses premi\u00e8res plong\u00e9es par le biais de vos encadrants !<br \/>\nVous trouverez le d\u00e9tail des contenus de formation sur <a href=\"https:\/\/biologie.ffessm.fr\/cursus-de-formation-des-cadres-environnement-et-bio\">la page Nationale FFESSM Commission Environnement et Biologie Sub &gt; FORMATIONS &gt; Cursus de formation<\/a>\u00ab\u00a0.<\/p>\n<p><a href=\"http:\/\/www.hgc-reims.com\/wp-content\/uploads\/2015\/08\/formations-BIO-FFESSM-2015.jpg\"><img loading=\"lazy\" decoding=\"async\" class=\"alignnone size-medium wp-image-34 aligncenter\" src=\"http:\/\/www.hgc-reims.com\/wp-content\/uploads\/2015\/08\/formations-BIO-FFESSM-2015-300x164.jpg\" alt=\"formations BIO FFESSM 2015\" width=\"300\" height=\"164\" srcset=\"https:\/\/www.hgc-reims.com\/wp-content\/uploads\/2015\/08\/formations-BIO-FFESSM-2015-300x164.jpg 300w, https:\/\/www.hgc-reims.com\/wp-content\/uploads\/2015\/08\/formations-BIO-FFESSM-2015-1024x561.jpg 1024w, https:\/\/www.hgc-reims.com\/wp-content\/uploads\/2015\/08\/formations-BIO-FFESSM-2015.jpg 1068w\" sizes=\"auto, (max-width: 300px) 100vw, 300px\" \/><\/a><\/p>\n","protected":false},"excerpt":{"rendered":"<p>Se former \u00e0 la Bio et \u00eatre reconnu : Le cursus Bio f\u00e9d\u00e9ral comporte 2 parties : une fili\u00e8re \u00ab\u00a0plongeur bio\u00a0\u00bb et une fili\u00e8re \u00ab\u00a0cadre\u00a0\u00bb pour ceux qui veulent transmettre leur passion aux autres plongeurs . Attention ! Il faut avoir un niveau minimum de plongeur pour pr\u00e9parer et valider ces niveaux mais cela n&#8217;emp\u00eache &hellip; <a href=\"https:\/\/www.hgc-reims.com\/?page_id=23\" class=\"more-link\">Continuer la lecture de <span class=\"screen-reader-text\">Formation Bio<\/span>  <span class=\"meta-nav\">&rarr;<\/span><\/a><\/p>\n","protected":false},"author":1,"featured_media":0,"parent":18,"menu_order":0,"comment_status":"closed","ping_status":"closed","template":"page-templates\/full-width.php","meta":{"footnotes":""},"class_list":["post-23","page","type-page","status-publish","hentry","gallery-content-unit"],"post_mailing_queue_ids":[],"_links":{"self":[{"href":"https:\/\/www.hgc-reims.com\/index.php?rest_route=\/wp\/v2\/pages\/23","targetHints":{"allow":["GET"]}}],"collection":[{"href":"https:\/\/www.hgc-reims.com\/index.php?rest_route=\/wp\/v2\/pages"}],"about":[{"href":"https:\/\/www.hgc-reims.com\/index.php?rest_route=\/wp\/v2\/types\/page"}],"author":[{"embeddable":true,"href":"https:\/\/www.hgc-reims.com\/index.php?rest_route=\/wp\/v2\/users\/1"}],"replies":[{"embeddable":true,"href":"https:\/\/www.hgc-reims.com\/index.php?rest_route=%2Fwp%2Fv2%2Fcomments&post=23"}],"version-history":[{"count":6,"href":"https:\/\/www.hgc-reims.com\/index.php?rest_route=\/wp\/v2\/pages\/23\/revisions"}],"predecessor-version":[{"id":4318,"href":"https:\/\/www.hgc-reims.com\/index.php?rest_route=\/wp\/v2\/pages\/23\/revisions\/4318"}],"up":[{"embeddable":true,"href":"https:\/\/www.hgc-reims.com\/index.php?rest_route=\/wp\/v2\/pages\/18"}],"wp:attachment":[{"href":"https:\/\/www.hgc-reims.com\/index.php?rest_route=%2Fwp%2Fv2%2Fmedia&parent=23"}],"curies":[{"name":"wp","href":"https:\/\/api.w.org\/{rel}","templated":true}]}}