{"id":2068,"date":"2017-08-11T10:09:37","date_gmt":"2017-08-11T08:09:37","guid":{"rendered":"http:\/\/www.hgc-reims.com\/?page_id=2068"},"modified":"2017-08-11T10:09:37","modified_gmt":"2017-08-11T08:09:37","slug":"plongeur-pa40","status":"publish","type":"page","link":"https:\/\/www.hgc-reims.com\/?page_id=2068","title":{"rendered":"Plongeur PA40"},"content":{"rendered":"<p><span style=\"font-weight: 400;\">Vous ne souhaitez pas passer votre brevet de Niveau 3 mais toutefois envisagez d\u2019explorer en autonomie l\u2019espace 0 \u2013 40m, sans GP et avec la pr\u00e9sence d\u2019un DP, vous pouvez pr\u00e9parer la qualification \u00ab\u00a0Plongeur PA40\u00a0\u00bb.<\/span><\/p>\n<p><span style=\"font-weight: 400;\">Conditions;<\/span><\/p>\n<p><span style=\"font-weight: 400;\">Etre \u00e2g\u00e9 de 18 ans au moins \u00e0 la date de d\u00e9livrance.<\/span><\/p>\n<p><span style=\"font-weight: 400;\">Etre titulaire du brevet de plongeur Niveau 2 (N2) de la FFESSM ou \u00eatre titulaire du brevet de\u00a0<\/span><span style=\"font-weight: 400;\">plongeur Niveau 1 (N1) de la FFESSM associ\u00e9 \u00e0 la certification PA20 de la FFESSM ou d\u2019une\u00a0<\/span><span style=\"font-weight: 400;\">certification dont les aptitudes sont jug\u00e9es \u00e9quivalentes pour d\u00e9buter la formation.<\/span><\/p>\n<p><span style=\"font-weight: 400;\">Pour acqu\u00e9rir cette qualification, vous devrez plonger en milieu naturel et vos comp\u00e9tences seront enseign\u00e9es et valid\u00e9es par un E3 au minimum.<\/span><\/p>\n<p><a href=\"http:\/\/www.hgc-reims.com\/wp-content\/uploads\/2017\/07\/17-Feuille-comp\u00e9tences-PA40.pdf\" target=\"_blank\" rel=\"noopener\">T\u00e9l\u00e9charger la feuille de comp\u00e9tences PA 40<\/a><\/p>\n","protected":false},"excerpt":{"rendered":"<p>Vous ne souhaitez pas passer votre brevet de Niveau 3 mais toutefois envisagez d\u2019explorer en autonomie l\u2019espace 0 \u2013 40m, sans GP et avec la pr\u00e9sence d\u2019un DP, vous pouvez pr\u00e9parer la qualification \u00ab\u00a0Plongeur PA40\u00a0\u00bb. Conditions; Etre \u00e2g\u00e9 de 18 ans au moins \u00e0 la date de d\u00e9livrance. Etre titulaire du brevet de plongeur Niveau &hellip; <a href=\"https:\/\/www.hgc-reims.com\/?page_id=2068\" class=\"more-link\">Continuer la lecture de <span class=\"screen-reader-text\">Plongeur PA40<\/span>  <span class=\"meta-nav\">&rarr;<\/span><\/a><\/p>\n","protected":false},"author":1,"featured_media":0,"parent":9,"menu_order":0,"comment_status":"closed","ping_status":"closed","template":"","meta":{"footnotes":""},"class_list":["post-2068","page","type-page","status-publish","hentry","gallery-content-unit"],"post_mailing_queue_ids":[],"_links":{"self":[{"href":"https:\/\/www.hgc-reims.com\/index.php?rest_route=\/wp\/v2\/pages\/2068","targetHints":{"allow":["GET"]}}],"collection":[{"href":"https:\/\/www.hgc-reims.com\/index.php?rest_route=\/wp\/v2\/pages"}],"about":[{"href":"https:\/\/www.hgc-reims.com\/index.php?rest_route=\/wp\/v2\/types\/page"}],"author":[{"embeddable":true,"href":"https:\/\/www.hgc-reims.com\/index.php?rest_route=\/wp\/v2\/users\/1"}],"replies":[{"embeddable":true,"href":"https:\/\/www.hgc-reims.com\/index.php?rest_route=%2Fwp%2Fv2%2Fcomments&post=2068"}],"version-history":[{"count":8,"href":"https:\/\/www.hgc-reims.com\/index.php?rest_route=\/wp\/v2\/pages\/2068\/revisions"}],"predecessor-version":[{"id":2168,"href":"https:\/\/www.hgc-reims.com\/index.php?rest_route=\/wp\/v2\/pages\/2068\/revisions\/2168"}],"up":[{"embeddable":true,"href":"https:\/\/www.hgc-reims.com\/index.php?rest_route=\/wp\/v2\/pages\/9"}],"wp:attachment":[{"href":"https:\/\/www.hgc-reims.com\/index.php?rest_route=%2Fwp%2Fv2%2Fmedia&parent=2068"}],"curies":[{"name":"wp","href":"https:\/\/api.w.org\/{rel}","templated":true}]}}