{"id":190,"date":"2015-09-13T19:15:27","date_gmt":"2015-09-13T17:15:27","guid":{"rendered":"http:\/\/hgcreimsmo.cluster005.ovh.net\/?page_id=190"},"modified":"2025-03-04T09:18:54","modified_gmt":"2025-03-04T08:18:54","slug":"niveau-3","status":"publish","type":"page","link":"https:\/\/www.hgc-reims.com\/?page_id=190","title":{"rendered":"Niveau 3"},"content":{"rendered":"<p>Simplement pour rester \u00e0 ce niveau, ou pour pr\u00e9parer le N3, vous int\u00e8grerez un groupe pris en charge par 2 encadrants.<\/p>\n<p><strong><u>Lieu d&rsquo;entra\u00eenement, j<\/u><\/strong><strong><u>ours et horaires pour les N3 :<\/u><\/strong>\u00a0 Se reporter \u00e0 la page <strong><a href=\"https:\/\/www.hgc-reims.com\/?page_id=689\">S\u00e9ances d&rsquo;entra\u00eenement <\/a><\/strong><\/p>\n<p>Si vous \u00eates en pr\u00e9paration N3, vos comp\u00e9tences seront valid\u00e9es en sorties en milieux naturels.<\/p>\n<p>Le N3 vous permettra de plonger en autonomie dans l\u2019espace 0-60 m.<\/p>\n<p><a href=\"https:\/\/www.hgc-reims.com\/wp-content\/uploads\/2022\/01\/21-COMPETENCES-N3.pdf\">T\u00e9l\u00e9charger la feuille de comp\u00e9tences N3<\/a><\/p>\n<p><a href=\"http:\/\/www.hgc-reims.com\/wp-content\/uploads\/2016\/09\/Qualification-Etanche.xls\">T\u00e9l\u00e9charger la feuille de comp\u00e9tences V\u00eatement Etanche<\/a><\/p>\n<p>Apr\u00e8s l&rsquo;entrainement, nous nous retrouvons r\u00e9guli\u00e8rement dans notre <a href=\"https:\/\/www.hgc-reims.com\/?page_id=366\">local<\/a> afin de partager un moment de convivialit\u00e9 autour d\u2019un verre de l\u2019amiti\u00e9 .<\/p>\n<p>L\u2019enseignement de la th\u00e9orie N3 a lieu le jeudi \u00e0 19h30 au <a href=\"http:\/\/www.hgc-reims.com\/?page_id=366\">local<\/a>.<\/p>\n<p><a href=\"https:\/\/www.hgc-reims.com\/wp-content\/uploads\/2025\/03\/22-Examen-theorie-N3.doc\" target=\"_blank\" rel=\"noopener\" data-wplink-edit=\"true\">Planning Cours Th\u00e9orie N3 2024-2025<\/a><\/p>\n<p><a href=\"http:\/\/www.hgc-reims.com\/wp-content\/uploads\/2015\/09\/18-Examen-th\u00e9orie-N3.doc\" target=\"_blank\" rel=\"noopener\">Examen th\u00e9orie N3 2022<\/a><\/p>\n<p><a href=\"https:\/\/www.hgc-reims.com\/wp-content\/uploads\/2025\/03\/19-Examen-theorie-N3.doc\" target=\"_blank\" rel=\"noopener\">Examen th\u00e9orie N3 2019<\/a><\/p>\n<p><a href=\"http:\/\/www.hgc-reims.com\/wp-content\/uploads\/2015\/09\/18-Examen-th\u00e9orie-N3.doc\" target=\"_blank\" rel=\"noopener\">Examen th\u00e9orie N3 2018<\/a><\/p>\n<p><a href=\"http:\/\/www.hgc-reims.com\/wp-content\/uploads\/2015\/09\/14-Examen-th\u00e9orie-N3.doc\">Examen th\u00e9orie N3 2014<\/a><\/p>\n<p><a href=\"http:\/\/www.hgc-reims.com\/wp-content\/uploads\/2015\/09\/13-Examen-th\u00e9orie-N3.doc\">Examen th\u00e9orie N3 2013<\/a><\/p>\n<p><a href=\"http:\/\/www.hgc-reims.com\/wp-content\/uploads\/2015\/09\/12-Sujet-N3.doc\">Examen th\u00e9orie N3 2012<\/a><\/p>\n","protected":false},"excerpt":{"rendered":"<p>Simplement pour rester \u00e0 ce niveau, ou pour pr\u00e9parer le N3, vous int\u00e8grerez un groupe pris en charge par 2 encadrants. Lieu d&rsquo;entra\u00eenement, jours et horaires pour les N3 :\u00a0 Se reporter \u00e0 la page S\u00e9ances d&rsquo;entra\u00eenement Si vous \u00eates en pr\u00e9paration N3, vos comp\u00e9tences seront valid\u00e9es en sorties en milieux naturels. Le N3 vous &hellip; <a href=\"https:\/\/www.hgc-reims.com\/?page_id=190\" class=\"more-link\">Continuer la lecture de <span class=\"screen-reader-text\">Niveau 3<\/span>  <span class=\"meta-nav\">&rarr;<\/span><\/a><\/p>\n","protected":false},"author":1,"featured_media":0,"parent":9,"menu_order":0,"comment_status":"closed","ping_status":"closed","template":"page-templates\/full-width.php","meta":{"footnotes":""},"class_list":["post-190","page","type-page","status-publish","hentry","gallery-content-unit"],"post_mailing_queue_ids":[],"_links":{"self":[{"href":"https:\/\/www.hgc-reims.com\/index.php?rest_route=\/wp\/v2\/pages\/190","targetHints":{"allow":["GET"]}}],"collection":[{"href":"https:\/\/www.hgc-reims.com\/index.php?rest_route=\/wp\/v2\/pages"}],"about":[{"href":"https:\/\/www.hgc-reims.com\/index.php?rest_route=\/wp\/v2\/types\/page"}],"author":[{"embeddable":true,"href":"https:\/\/www.hgc-reims.com\/index.php?rest_route=\/wp\/v2\/users\/1"}],"replies":[{"embeddable":true,"href":"https:\/\/www.hgc-reims.com\/index.php?rest_route=%2Fwp%2Fv2%2Fcomments&post=190"}],"version-history":[{"count":23,"href":"https:\/\/www.hgc-reims.com\/index.php?rest_route=\/wp\/v2\/pages\/190\/revisions"}],"predecessor-version":[{"id":6686,"href":"https:\/\/www.hgc-reims.com\/index.php?rest_route=\/wp\/v2\/pages\/190\/revisions\/6686"}],"up":[{"embeddable":true,"href":"https:\/\/www.hgc-reims.com\/index.php?rest_route=\/wp\/v2\/pages\/9"}],"wp:attachment":[{"href":"https:\/\/www.hgc-reims.com\/index.php?rest_route=%2Fwp%2Fv2%2Fmedia&parent=190"}],"curies":[{"name":"wp","href":"https:\/\/api.w.org\/{rel}","templated":true}]}}