{"id":182,"date":"2015-09-13T18:58:44","date_gmt":"2015-09-13T16:58:44","guid":{"rendered":"http:\/\/hgcreimsmo.cluster005.ovh.net\/?page_id=182"},"modified":"2026-04-28T13:41:59","modified_gmt":"2026-04-28T11:41:59","slug":"inscriptions-sorties","status":"publish","type":"page","link":"https:\/\/www.hgc-reims.com\/?page_id=182","title":{"rendered":"Inscriptions Sorties"},"content":{"rendered":"<p><span style=\"color: #ff0000;\"><strong><u>RAPPEL :<\/u><\/strong><\/span><\/p>\n<p><span style=\"color: #ff0000;\">Avant toute inscription pour une sortie en milieu naturel, chaque plongeur veillera \u00e0 avoir effectu\u00e9 l&rsquo;ensemble des d\u00e9marches n\u00e9cessaires pour son inscription aupr\u00e8s du secr\u00e9tariat du club et ce au moins 15 jours avant la sortie envisag\u00e9e.<\/span><\/p>\n<p>Inscriptions ouvertes :<\/p>\n<table style=\"height: 279px;\" width=\"491\">\n<tbody>\n<tr>\n<td width=\"57\">DATE<\/td>\n<td width=\"120\">LIEU<\/td>\n<td width=\"128\">DP<\/td>\n<\/tr>\n<tr>\n<td width=\"57\">10 Mai<\/td>\n<td width=\"120\">Vodel\u00e9e<\/td>\n<td width=\"128\">\n<p>DP : Jean-Jacques GARCIA<\/p>\n<p><a href=\"https:\/\/www.helloasso.com\/associations\/hommes-grenouilles-de-champagne-reims\/evenements\/sortie-vodelee-10-05-2026\" target=\"_blank\" rel=\"noopener\">Inscription en ligne<\/a><\/p>\n<\/td>\n<\/tr>\n<tr>\n<td width=\"57\">\u00a0<\/td>\n<td width=\"120\">\u00a0<\/td>\n<td width=\"128\">\u00a0<\/td>\n<\/tr>\n<\/tbody>\n<\/table>\n<p><em>Pour les sorties en Belgique, pensez \u00e0 prendre votre Carte Europ\u00e9enne d&rsquo;Assurance Maladie .\u00a0Au besoin, demandez en une sur\u00a0\u00a0<a href=\"https:\/\/www.ameli.fr\/marne\/assure\/adresses-et-contacts\/lobtention-dun-document\/commander-une-carte-europeenne-dassurance-maladie-ceam\" target=\"_blank\" rel=\"noopener\">Ameli.fr<\/a><\/em><\/p>\n\n\n<p><\/p>\n","protected":false},"excerpt":{"rendered":"<p>RAPPEL : Avant toute inscription pour une sortie en milieu naturel, chaque plongeur veillera \u00e0 avoir effectu\u00e9 l&rsquo;ensemble des d\u00e9marches n\u00e9cessaires pour son inscription aupr\u00e8s du secr\u00e9tariat du club et ce au moins 15 jours avant la sortie envisag\u00e9e. Inscriptions ouvertes : DATE LIEU DP 10 Mai Vodel\u00e9e DP : Jean-Jacques GARCIA Inscription en ligne &hellip; <a href=\"https:\/\/www.hgc-reims.com\/?page_id=182\" class=\"more-link\">Continuer la lecture de <span class=\"screen-reader-text\">Inscriptions Sorties<\/span>  <span class=\"meta-nav\">&rarr;<\/span><\/a><\/p>\n","protected":false},"author":1,"featured_media":0,"parent":128,"menu_order":0,"comment_status":"closed","ping_status":"closed","template":"page-templates\/full-width.php","meta":{"footnotes":""},"class_list":["post-182","page","type-page","status-publish","hentry","gallery-content-unit"],"post_mailing_queue_ids":[],"_links":{"self":[{"href":"https:\/\/www.hgc-reims.com\/index.php?rest_route=\/wp\/v2\/pages\/182","targetHints":{"allow":["GET"]}}],"collection":[{"href":"https:\/\/www.hgc-reims.com\/index.php?rest_route=\/wp\/v2\/pages"}],"about":[{"href":"https:\/\/www.hgc-reims.com\/index.php?rest_route=\/wp\/v2\/types\/page"}],"author":[{"embeddable":true,"href":"https:\/\/www.hgc-reims.com\/index.php?rest_route=\/wp\/v2\/users\/1"}],"replies":[{"embeddable":true,"href":"https:\/\/www.hgc-reims.com\/index.php?rest_route=%2Fwp%2Fv2%2Fcomments&post=182"}],"version-history":[{"count":232,"href":"https:\/\/www.hgc-reims.com\/index.php?rest_route=\/wp\/v2\/pages\/182\/revisions"}],"predecessor-version":[{"id":8141,"href":"https:\/\/www.hgc-reims.com\/index.php?rest_route=\/wp\/v2\/pages\/182\/revisions\/8141"}],"up":[{"embeddable":true,"href":"https:\/\/www.hgc-reims.com\/index.php?rest_route=\/wp\/v2\/pages\/128"}],"wp:attachment":[{"href":"https:\/\/www.hgc-reims.com\/index.php?rest_route=%2Fwp%2Fv2%2Fmedia&parent=182"}],"curies":[{"name":"wp","href":"https:\/\/api.w.org\/{rel}","templated":true}]}}

<p><span style="color: #ff0000;"><strong><u>RAPPEL :</u></strong></span></p>
<p><span style="color: #ff0000;">Avant toute inscription pour une sortie en milieu naturel, chaque plongeur veillera à avoir effectué l&rsquo;ensemble des démarches nécessaires pour son inscription auprès du secrétariat du club et ce au moins 15 jours avant la sortie envisagée.</span></p>
<p>Inscriptions ouvertes :</p>
<table style="height: 279px;" width="491">
<tbody>
<tr>
<td width="57">DATE</td>
<td width="120">LIEU</td>
<td width="128">DP</td>
</tr>
<tr>
<td width="57">10 Mai</td>
<td width="120">Vodelée</td>
<td width="128">
<p>DP : Jean-Jacques GARCIA</p>
<p><a href="https://www.helloasso.com/associations/hommes-grenouilles-de-champagne-reims/evenements/sortie-vodelee-10-05-2026" target="_blank" rel="noopener">Inscription en ligne</a></p>
</td>
</tr>
<tr>
<td width="57"> </td>
<td width="120"> </td>
<td width="128"> </td>
</tr>
</tbody>
</table>
<p><em>Pour les sorties en Belgique, pensez à prendre votre Carte Européenne d&rsquo;Assurance Maladie . Au besoin, demandez en une sur  <a href="https://www.ameli.fr/marne/assure/adresses-et-contacts/lobtention-dun-document/commander-une-carte-europeenne-dassurance-maladie-ceam" target="_blank" rel="noopener">Ameli.fr</a></em></p>


<p></p>

<p>RAPPEL : Avant toute inscription pour une sortie en milieu naturel, chaque plongeur veillera à avoir effectué l&rsquo;ensemble des démarches nécessaires pour son inscription auprès du secrétariat du club et ce au moins 15 jours avant la sortie envisagée. Inscriptions ouvertes : DATE LIEU DP 10 Mai Vodelée DP : Jean-Jacques GARCIA Inscription en ligne &hellip; <a href="https://www.hgc-reims.com/?page_id=182" class="more-link">Continuer la lecture de <span class="screen-reader-text">Inscriptions Sorties</span>  <span class="meta-nav">&rarr;</span></a></p>
