{"id":160,"date":"2015-09-13T17:30:36","date_gmt":"2015-09-13T15:30:36","guid":{"rendered":"http:\/\/hgcreimsmo.cluster005.ovh.net\/?page_id=160"},"modified":"2024-07-12T14:37:54","modified_gmt":"2024-07-12T12:37:54","slug":"jeunes-plongeurs","status":"publish","type":"page","link":"https:\/\/www.hgc-reims.com\/?page_id=160","title":{"rendered":"Jeunes Plongeurs"},"content":{"rendered":"<p><strong><img loading=\"lazy\" decoding=\"async\" class=\"alignnone size-full wp-image-963\" src=\"http:\/\/www.hgc-reims.com\/wp-content\/uploads\/2015\/09\/grenouille053.gif\" alt=\"grenouille053\" width=\"100\" height=\"80\" \/>\u00a0 \u00a0 \u00a0<\/strong><strong>Le coin des p&rsquo;tites grenouilles !\u00a0 <\/strong><strong>\u00a0<\/strong><\/p>\n<p><strong><u>ACTIVIT\u00c9S<\/u><\/strong><strong>\u00a0\u00a0\u00a0\u00a0\u00a0\u00a0<a href=\"http:\/\/www.hgc-reims.com\/wp-content\/uploads\/2015\/09\/poissons-gif-059.gif\" rel=\"attachment wp-att-965\"><img loading=\"lazy\" decoding=\"async\" class=\"alignnone size-full wp-image-965\" src=\"http:\/\/www.hgc-reims.com\/wp-content\/uploads\/2015\/09\/poissons-gif-059.gif\" alt=\"poissons-gif-059\" width=\"137\" height=\"102\" \/><\/a><\/strong><\/p>\n<p><strong>Formation et passage de brevets<\/strong><strong> (plongeur bronze, argent, or, niveau 1). <\/strong>Ces diff\u00e9rents niveaux permettent aux enfants de d\u00e9velopper leur aisance naturelle dans l\u2019eau.<\/p>\n<p><strong>Des sorties sp\u00e9cifiques \u00ab\u00a0enfants\u00a0\u00bb<\/strong> sont r\u00e9guli\u00e8rement propos\u00e9es, avec accompagnement des parents, pour d\u00e9couvrir une fosse de plong\u00e9e et le milieu naturel (carri\u00e8re, lac, mer)<\/p>\n<p><strong>Sous une approche tr\u00e8s ludique<\/strong>, les enseignements dispens\u00e9s aux enfants leur apportent les <strong>rudiments de rigueur et de solidarit\u00e9 qui feront d\u2019eux des plongeurs autonomes et responsables<\/strong><strong>.<\/strong><\/p>\n<p><strong>S\u00e9ances \u00e0 th\u00e8me\u00a0:<\/strong> <strong>par exemple, sensibilisation des enfants \u00e0 la richesse et la diversit\u00e9 des milieux subaquatiques<\/strong> (commission biologie). Initiation \u00e0 la prise de vue sous-marine (commission audio-vid\u00e9o). \u00a0Mais \u00e9galement \u2026 Halloween, No\u00ebl, chasse aux \u0153ufs, anniversaires et autres moments tr\u00e8s conviviaux.<\/p>\n<p><a href=\"http:\/\/www.hgc-reims.com\/wp-content\/uploads\/2015\/09\/moving_animated_scuba_fish_swimming.gif\" rel=\"attachment wp-att-966\"><img loading=\"lazy\" decoding=\"async\" class=\"alignnone wp-image-966\" src=\"http:\/\/www.hgc-reims.com\/wp-content\/uploads\/2015\/09\/moving_animated_scuba_fish_swimming.gif\" alt=\"moving_animated_scuba_fish_swimming\" width=\"111\" height=\"103\" \/><\/a>\u00a0 \u00a0\u00a0<strong><u>RENSEIGNEMENTS SUR LA SECTION ENFANT<\/u><\/strong><\/p>\n<p><strong><u>Ouverte aux enfants\u00a0:<\/u><\/strong> \u00e0 partir de 10 ans. Le nombre d\u2019inscrits est limit\u00e9 pour des raisons de qualit\u00e9 de formation et de s\u00e9curit\u00e9.<\/p>\n<p><a href=\"http:\/\/www.hgc-reims.com\/?page_id=169\"><strong><u>Inscription<\/u><\/strong> <\/a><strong>sous r\u00e9serve d\u2019un certificat m\u00e9dical de non contre-indication \u00e0 la pratique de la plong\u00e9e<\/strong> \u00e9tabli par un m\u00e9decin f\u00e9d\u00e9ral FFESSM (ou par un m\u00e9decin titulaire d\u2019un dipl\u00f4me de m\u00e9decine hyperbare ou de m\u00e9decine subaquatique), selon le r\u00e8glement int\u00e9rieur du club. La pratique chez l&rsquo;enfant n\u00e9cessite l&rsquo;autorisation \u00e9crite pr\u00e9alable du responsable l\u00e9gal du mineur.<\/p>\n<p><strong><u>Lieu d&rsquo;entra\u00eenement, j<\/u><\/strong><strong><u>ours et horaires :<\/u><\/strong>\u00a0 Se reporter \u00e0 la page <strong><a href=\"https:\/\/www.hgc-reims.com\/?page_id=689\">S\u00e9ances d&rsquo;entra\u00eenement <\/a><br \/>\n<\/strong><\/p>\n<p><strong><u>M\u00eame cr\u00e9neau que les adolescents et les adultes :<\/u><\/strong><strong> oui <\/strong><\/p>\n<p><strong><u>Dimensions du bassin (longueur\/profondeur) :<\/u><\/strong>\u00a0<strong>25 m \/ 3,20 m<\/strong><\/p>\n<p><strong><u>Nombre de lignes d&rsquo;eau r\u00e9serv\u00e9 aux enfants :<\/u><\/strong> <strong>1\u00a0<\/strong><\/p>\n<p><strong><u>Mat\u00e9riel\u00a0disponible au club :<\/u><\/strong> <strong>blocs, gilets, d\u00e9tendeurs<\/strong> adapt\u00e9s \u00e0 la morphologie de nos jeunes plongeurs. Vous devrez fournir palmes, masque et tuba. Ceux-ci peuvent vous \u00eatre pr\u00eat\u00e9s pour les premi\u00e8res s\u00e9ances.<\/p>\n","protected":false},"excerpt":{"rendered":"<p>\u00a0 \u00a0 \u00a0Le coin des p&rsquo;tites grenouilles !\u00a0 \u00a0 ACTIVIT\u00c9S\u00a0\u00a0\u00a0\u00a0\u00a0\u00a0 Formation et passage de brevets (plongeur bronze, argent, or, niveau 1). Ces diff\u00e9rents niveaux permettent aux enfants de d\u00e9velopper leur aisance naturelle dans l\u2019eau. Des sorties sp\u00e9cifiques \u00ab\u00a0enfants\u00a0\u00bb sont r\u00e9guli\u00e8rement propos\u00e9es, avec accompagnement des parents, pour d\u00e9couvrir une fosse de plong\u00e9e et le milieu naturel &hellip; <a href=\"https:\/\/www.hgc-reims.com\/?page_id=160\" class=\"more-link\">Continuer la lecture de <span class=\"screen-reader-text\">Jeunes Plongeurs<\/span>  <span class=\"meta-nav\">&rarr;<\/span><\/a><\/p>\n","protected":false},"author":1,"featured_media":0,"parent":9,"menu_order":0,"comment_status":"closed","ping_status":"closed","template":"page-templates\/full-width.php","meta":{"footnotes":""},"class_list":["post-160","page","type-page","status-publish","hentry","gallery-content-unit"],"post_mailing_queue_ids":[],"_links":{"self":[{"href":"https:\/\/www.hgc-reims.com\/index.php?rest_route=\/wp\/v2\/pages\/160","targetHints":{"allow":["GET"]}}],"collection":[{"href":"https:\/\/www.hgc-reims.com\/index.php?rest_route=\/wp\/v2\/pages"}],"about":[{"href":"https:\/\/www.hgc-reims.com\/index.php?rest_route=\/wp\/v2\/types\/page"}],"author":[{"embeddable":true,"href":"https:\/\/www.hgc-reims.com\/index.php?rest_route=\/wp\/v2\/users\/1"}],"replies":[{"embeddable":true,"href":"https:\/\/www.hgc-reims.com\/index.php?rest_route=%2Fwp%2Fv2%2Fcomments&post=160"}],"version-history":[{"count":10,"href":"https:\/\/www.hgc-reims.com\/index.php?rest_route=\/wp\/v2\/pages\/160\/revisions"}],"predecessor-version":[{"id":6168,"href":"https:\/\/www.hgc-reims.com\/index.php?rest_route=\/wp\/v2\/pages\/160\/revisions\/6168"}],"up":[{"embeddable":true,"href":"https:\/\/www.hgc-reims.com\/index.php?rest_route=\/wp\/v2\/pages\/9"}],"wp:attachment":[{"href":"https:\/\/www.hgc-reims.com\/index.php?rest_route=%2Fwp%2Fv2%2Fmedia&parent=160"}],"curies":[{"name":"wp","href":"https:\/\/api.w.org\/{rel}","templated":true}]}}